se 15?
-2d5b3
5639689 (base 10) to base 13
1225cc3
What is -1000100001100110000011 (base 2) in base 16?
-221983
Convert 106315 (base 7) to base 11.
13325
What is -122001021110 (base 3) in base 5?
-41214131
What is 1011100010010001110 (base 2) in base 11?
238aa5
Convert -11401010 (base 6) to base 15.
-710b3
Convert -13455434 (base 7) to base 6.
-42542255
322202023 (base 4) to base 8
724213
110010211011 (base 3) to base 11
153606
What is -1212231111 (base 4) in base 5?
-101430233
-4530899 (base 10) to base 16
-4522d3
27a550 (base 15) to base 14
379511
-50232112 (base 6) to base 9
-2603278
Convert 13250552 (base 6) to base 13.
126335
What is -37a9b7 (base 16) in base 12?
-127b09b
Convert -10011001101101000101 (base 2) to base 3.
-1011222121112
What is 102301101 (base 4) in base 8?
226121
What is 328522 (base 10) in base 2?
1010000001101001010
What is -703317 (base 8) in base 5?
-24343434
What is -1321201011 (base 4) in base 9?
-837676
Convert 111110110001001111 (base 2) to base 6.
5302143
122b79 (base 16) to base 15
187c52
Convert -367078 (base 9) to base 13.
-79b9b
What is 2005201 (base 8) in base 11?
32aa20
6606273 (base 9) to base 10
3547542
Convert -18745 (base 12) to base 11.
-24843
Convert 121122213220 (base 4) to base 9.
13474364
Convert -10010000011000110011111 (base 2) to base 13.
-c986aa
-10121103 (base 4) to base 16
-4653
42454414 (base 7) to base 2
1101110001011010101010
What is 341ab (base 12) in base 5?
4210040
-252359 (base 12) to base 9
-1122276
What is -d3ad9 (base 14) in base 11?
-319017
What is -314442300 (base 5) in base 8?
-5041321
What is -150200 (base 6) in base 8?
-33770
Convert 1012210021022 (base 3) to base 4.
2131203302
1120424055 (base 6) to base 2
101111000111100100100011
What is -14756323 (base 10) in base 14?
-1d61951
-638910 (base 13) to base 11
-1353531
354a5d (base 14) to base 7
21312646
What is 20a60 (base 11) in base 6?
353250
-3265534 (base 7) to base 16
-62608
What is 11111100111011000 (base 2) in base 13?
46c33
-35314035 (base 7) to base 2
-1011111000000010000110
What is -27257 (base 9) in base 4?
-10200013
412125015 (base 6) to base 8
33061303
What is 30221112202 (base 4) in base 13?
8c0c02
Convert -1305047 (base 9) to base 13.
-1bc286
-322371 (base 10) to base 11
-200225
Convert -78570a (base 11) to base 14.
-2483a5
-1222240 (base 7) to base 16
-264cd
Convert -30430 (base 5) to base 12.
-119a
Convert -1f3898 (base 16) to base 8.
-7634230
-24472a (base 13) to base 16
-d3a15
What is -10111010000101110 (base 2) in base 5?
-11022103
6714615 (base 9) to base 11
20477a6
Convert -101101111011011011101 (base 2) to base 10.
-1504989
Convert 37140 (base 11) to base 13.
1b401
Convert -51835 (base 9) to base 2.
-1000010110100110
5db12 (base 14) to base 7
1645222
-2021046 (base 8) to base 5
-114024110
What is -102221001022 (base 3) in base 5?
-30003043
What is -46561 (base 14) in base 5?
-20434233
What is -4206446 (base 7) in base 13?
-149705
What is 20551240 (base 6) in base 12?
252520
Convert -1070141 (base 9) to base 11.
-364968
-245909 (base 10) to base 4
-330002111
Convert 3f265 (base 16) to base 2.
111111001001100101
6c3c92 (base 14) to base 8
16067730
What is -97cbc (base 13) in base 4?
-1003002303
Convert 1c60 (base 13) to base 4.
1003033
What is -1061436 (base 7) in base 8?
-403015
What is 2112021020 (base 3) in base 8?
141147
What is -13716203 (base 8) in base 15?
-4197c4
What is b6e7 (base 15) in base 5?
2214232
Convert 233003101 (base 4) to base 9.
323324
What is -47974 (base 12) in base 13?
-34b73
-49302a (base 12) to base 10
-1187170
What is 8a126 (base 16) in base 7?
4543545
-22e29 (base 15) to base 16
-1b255
Convert -32041132 (base 5) to base 16.
-41804
Convert -2160026 (base 7) to base 6.
-5413535
155243 (base 9) to base 13
34737
1816b9 (base 16) to base 11
9890a5
What is -1247306 (base 13) in base 5?
-2424341111
Convert -4203565 (base 7) to base 16.
-7b6bb
104420042 (base 6) to base 8
7176672
Convert 2d5d (base 16) to base 11.
87a8
Convert 11101111011110100011 (base 2) to base 6.
33005111
-16090 (base 11) to base 6
-253114
Convert -1605812 (base 9) to base 15.
-128aae
-d1bb3 (base 14) to base 5
-112120330
Convert -c7d503 (base 14) to base 3.
-110201102020012
What is 100043345 (base 6) in base 3?
10011122012002
Convert 1458be3 (base 15) to base 10.
14710938
861630 (base 9) to base 3
222001201000
210101202010101 (base 3) to base 9
23352111
2657666 (base 8) to base 3
1101212111100
-8575457 (base 11) to base 5
-12330244211
What is -92903 (base 10) in base 14?
-25bdd
What is 24a44 (base 14) in base 2?
10101111011100100
What is -22122112122 (base 3) in base 2?
-101001100100001100
What is 115354030 (base 6) in base 15?
2ddc4c
Convert a6cc (base 13) to base 4.
11221300
What is 1321032 (base 9) in base 7?
6066215
What is 2020110012 (base 3) in base 8?
126045
What is -d12dc (base 15) in base 13?
-1a2512
What is -3221030210 (base 4) in base 14?
-1ac148
Convert 116202 (base 13) to base 7.
3341115
What is -102465 (base 9) in base 12?
-2b2a2
What is -111032312 (base 4) in base 2?
-10101001110110110
-97b9 (base 13) to base 7
-115353
What is -1032340241 (base 5) in base 3?
-11012022221101
-11101111101010110110 (base 2) to base 14
-1b7a86
What is -56735 (base 13) in base 16?
-2661e
Convert -22034441 (base 5) to base 13.
-68631
Convert -34c5d9 (base 16) to base 11.
-1a52490
What is 5444304 (base 6) in base 7?
2204521
Convert 11b992 (base 12) to base 11.
188960
Convert -1340a16 (base 11) to base 6.
-121335145
1240004400 (base 5) to base 11
17a1682
What is 29f9b (base 16) in base 5?
21000211
Convert 11471323 (base 9) to base 12.
1a5b386
4312202133 (base 5) to base 11
5156204
What is -1ba85 (base 14) in base 10?
-70677
What is 114a9bc (base 15) in base 3?
212022101202120
324271 (base 10) to base 14
86263
What is 113d76 (base 14) in base 10?
587124
331442441 (base 5) to base 14
295ac6
What is 30230a (base 11) in base 7?
4063313
Convert -b9bc (base 16) to base 4.
-23212330
Convert 2101033221 (base 4) to base 12.
248349
What is 1111001010111000010001 (base 2) in base 16?
3cae11
What is 26273 (base 9) in base 3?
220022110
What is -4f33a (base 16) in base 3?
-121111000012
11145 (base 9) to base 10
7412
Convert -10000100001011111 (base 2) to base 13.
-24a61
Convert -10161412 (base 7) to base 5.
-204332204
-ddc96c (base 14) to base 15
-9d9d73
Convert 166321 (base 7) to base 9.
50767
Convert -110200322323 (base 4) to base 6.
-311132511
2232310311 (base 4) to base 11
44a007
15166133 (base 7) to base 9
2642312
What is -17240760 (base 8) in base 12?
-1417300
What is -512381 (base 9) in base 12?
-127824
-33231001 (base 4) to base 10
-64321
b7a07 (base 13) to base 3
121211101102
What is b28bd (base 14) in base 7?
3440026
What is 42a48 (base 16) in base 5?
32213333
Convert -122201231021 (base 4) to base 8.
-32415511
What is 111104431 (base 5) in base 15?
99961
Convert -10222110111202 (base 3) to base 10.
-2115200
What is -413032 (base 9) in base 5?
-30314343
Convert -1667395 (base 10) to base 5.
-411324040
111011110101000101 (base 2) to base 11
158133
Convert -242320514 (base 7) to base 15.
-14d85bb
-638220 (base 9) to base 6
-12051113
What is 256141 (base 7) in base 12?
23777
-299361 (base 12) to base 11
-4391a8
-21012002122122 (base 3) to base 14
-716404
10111111001011011 (base 2) to base 7
555242
Convert -35311 (base 8) to base 14.
-56ad
What is -1544364 (base 7) in base 12?
-a3219
What is 60675 (base 10) in base 16?
ed03
-52803 (base 12) to base 8
-323403
Convert 297632 (base 14) to base 10.
1441820
What is -436bb4 (base 12) in base 6?
-34531544
What is 53170 (base 9) in base 5?
2111021
-22102022020 (base 3) to base 6
-3315053
14a983 (base 13) to base 9
855355
Convert 10212112121 (base 3) to base 13.
288c4
Convert -79488 (base 11) to base 10.
-115046
1241342104 (base 5) to base 9
5705562
-4bba1 (base 12) to base 3
-12021012011
7b795 (base 12) to base 5
20242111
Convert -215569 (base 10) to base 8.
-645021
-121213211 (base 5) to base 3
-1001221121221
What is -153605 (base 7) in base 13?
-10946
Convert ab44a (base 15) to base 3.
1000122200221
-20123103232 (base 4) to base 3
-11011020012001
Convert 227ca (base 16) to base 14.
3969c
What is -4619951 (base 11) in base 14?
-1104a15
3d19d (base 14) to base 10
151255
Convert -3422232 